rs of 727178?
2, 363589
What are the prime factors of 2494420?
2, 5, 124721
List the prime factors of 3554.
2, 1777
List the prime factors of 59414.
2, 61, 487
List the prime factors of 1813978.
2, 53, 109, 157
What are the prime factors of 17117992?
2, 41, 52189
List the prime factors of 364631.
163, 2237
What are the prime factors of 224015?
5, 11, 4073
List the prime factors of 23090.
2, 5, 2309
List the prime factors of 363255.
3, 5, 61, 397
List the prime factors of 908035.
5, 181607
List the prime factors of 4490.
2, 5, 449
What are the prime factors of 6784227?
3, 753803
List the prime factors of 41091.
3, 13697
What are the prime factors of 11996538?
2, 3, 1999423
What are the prime factors of 100852?
2, 19, 1327
List the prime factors of 182469.
3, 7, 8689
What are the prime factors of 162747?
3, 13, 107
What are the prime factors of 14050955?
5, 2810191
List the prime factors of 97603.
11, 19, 467
List the prime factors of 34877332.
2, 7, 1245619
What are the prime factors of 4142222?
2, 7, 295873
List the prime factors of 1933890.
2, 3, 5, 7, 9209
What are the prime factors of 48027?
3, 7, 2287
What are the prime factors of 106232?
2, 7, 271
List the prime factors of 8001567.
3, 7, 107, 1187
What are the prime factors of 23088?
2, 3, 13, 37
What are the prime factors of 3592562?
2, 1796281
List the prime factors of 958327.
958327
What are the prime factors of 955254?
2, 3, 159209
List the prime factors of 5265362.
2, 149, 17669
What are the prime factors of 156343?
11, 61, 233
List the prime factors of 74703.
3, 37, 673
What are the prime factors of 1480750?
2, 5, 5923
What are the prime factors of 195968?
2, 1531
List the prime factors of 2494629.
3, 73, 3797
List the prime factors of 7615614.
2, 3, 103, 12323
What are the prime factors of 971045?
5, 157, 1237
List the prime factors of 9998662.
2, 53, 94327
What are the prime factors of 998859?
3, 73, 4561
List the prime factors of 804653.
804653
List the prime factors of 3113358.
2, 3, 518893
List the prime factors of 5832931.
13, 448687
What are the prime factors of 897508?
2, 59, 3803
What are the prime factors of 16480118?
2, 139, 59281
What are the prime factors of 289685?
5, 11, 23, 229
List the prime factors of 856644.
2, 3, 71387
List the prime factors of 1041928.
2, 130241
List the prime factors of 697344.
2, 3, 227
What are the prime factors of 3696?
2, 3, 7, 11
List the prime factors of 61682.
2, 30841
What are the prime factors of 1029217?
7, 147031
List the prime factors of 469161.
3, 7, 11, 677
What are the prime factors of 322281?
3, 35809
What are the prime factors of 131478?
2, 3, 17, 1289
List the prime factors of 1523771.
37, 41183
What are the prime factors of 294762?
2, 3, 13, 3779
What are the prime factors of 15780?
2, 3, 5, 263
List the prime factors of 156865.
5, 137, 229
List the prime factors of 226131.
3, 75377
What are the prime factors of 15154?
2, 7577
List the prime factors of 5836354.
2, 2918177
What are the prime factors of 207578?
2, 7, 14827
What are the prime factors of 2523126?
2, 3, 420521
List the prime factors of 2512759.
2512759
What are the prime factors of 296243?
296243
What are the prime factors of 1822849?
7, 37201
List the prime factors of 30387.
3, 7, 1447
What are the prime factors of 3296061?
3, 23, 15923
What are the prime factors of 328917?
3, 109639
List the prime factors of 824860.
2, 5, 41243
List the prime factors of 1199515.
5, 127, 1889
What are the prime factors of 2135175?
3, 5, 7, 83
List the prime factors of 282603.
3, 94201
What are the prime factors of 211731?
3, 13, 61, 89
What are the prime factors of 11949222?
2, 3, 761, 2617
List the prime factors of 1838315.
5, 367663
List the prime factors of 175639.
37, 47, 101
What are the prime factors of 3313561?
3313561
List the prime factors of 219191.
7, 173, 181
List the prime factors of 4106182.
2, 2053091
What are the prime factors of 856474?
2, 23, 43, 433
What are the prime factors of 788282?
2, 11, 35831
What are the prime factors of 316742?
2, 158371
What are the prime factors of 521201?
521201
List the prime factors of 1006675.
5, 67, 601
What are the prime factors of 150203?
150203
List the prime factors of 3316177.
3316177
What are the prime factors of 1286989?
11, 79, 1481
What are the prime factors of 314561?
13, 24197
What are the prime factors of 19186625?
5, 17, 9029
List the prime factors of 11782194.
2, 3, 337, 5827
List the prime factors of 230300.
2, 5, 7, 47
List the prime factors of 3460456.
2, 432557
List the prime factors of 877465.
5, 175493
List the prime factors of 2502999.
3, 278111
List the prime factors of 83152.
2, 5197
List the prime factors of 23737814.
2, 17, 698171
List the prime factors of 51419.
51419
What are the prime factors of 1415642?
2, 197, 3593
List the prime factors of 1654600.
2, 5, 8273
What are the prime factors of 2247979?
257, 8747
What are the prime factors of 6734050?
2, 5, 134681
List the prime factors of 10619037.
3, 11, 13, 37, 223
What are the prime factors of 1321900?
2, 5, 13219
List the prime factors of 257943.
3, 7, 71, 173
What are the prime factors of 1747019?
919, 1901
What are the prime factors of 22390412?
2, 11, 83, 6131
List the prime factors of 2112196.
2, 113, 4673
What are the prime factors of 248865?
3, 5, 47, 353
List the prime factors of 3915369.
3, 435041
What are the prime factors of 68391?
3, 17, 149
What are the prime factors of 319355?
5, 23, 2777
List the prime factors of 100178.
2, 13, 3853
What are the prime factors of 4340754?
2, 3, 11, 1993
What are the prime factors of 208365?
3, 5, 29, 479
List the prime factors of 705624.
2, 3, 29401
List the prime factors of 2655353.
53, 50101
List the prime factors of 157273.
157273
List the prime factors of 17587945.
5, 17, 206917
What are the prime factors of 7782456?
2, 3, 11, 41, 719
What are the prime factors of 1247?
29, 43
What are the prime factors of 14214267?
3, 1579363
What are the prime factors of 172810?
2, 5, 11, 1571
What are the prime factors of 835727?
83, 10069
List the prime factors of 188149.
13, 41, 353
List the prime factors of 3428897.
3428897
List the prime factors of 12140497.
3079, 3943
What are the prime factors of 896752?
2, 41, 1367
What are the prime factors of 713070?
2, 3, 5, 19, 139
What are the prime factors of 13040977?
23, 566999
List the prime factors of 11118884.
2, 7, 17, 47, 71
List the prime factors of 4120093.
19, 101, 113
What are the prime factors of 5451786?
2, 3, 73, 461
List the prime factors of 73872.
2, 3, 19
What are the prime factors of 1840132?
2, 7, 65719
List the prime factors of 20933464.
2, 2616683
List the prime factors of 852523.
7, 121789
List the prime factors of 1130210.
2, 5, 113021
What are the prime factors of 1863500?
2, 5, 3727
What are the prime factors of 14241472?
2, 7, 83, 383
What are the prime factors of 21232036?
2, 7, 23, 32969
What are the prime factors of 177669?
3, 19, 1039
List the prime factors of 2548065.
3, 5, 13, 73, 179
List the prime factors of 266207.
509, 523
List the prime factors of 160250.
2, 5, 641
What are the prime factors of 80498?
2, 11, 3659
List the prime factors of 1133431.
13, 87187
What are the prime factors of 2546769?
3, 848923
What are the prime factors of 1051270?
2, 5, 11, 19, 503
List the prime factors of 1322890.
2, 5, 263, 503
What are the prime factors of 18242?
2, 7, 1303
What are the prime factors of 3667904?
2, 223, 257
List the prime factors of 589877.
589877
List the prime factors of 103899.
3, 59, 587
List the prime factors of 176316.
2, 3, 7, 2099
What are the prime factors of 5028807?
3, 7, 43, 5569
What are the prime factors of 1715081?
101, 16981
List the prime factors of 4906654.
2, 283, 8669
List the prime factors of 1022912.
2, 11, 1453
List the prime factors of 607505.
5, 121501
List the prime factors of 1095223.
1095223
List the prime factors of 2307204.
2, 3, 7121
What are the prime factors of 3257904?
2, 3, 13, 23, 227
What are the prime factors of 1288950?
2, 3, 5, 13, 661
List the prime factors of 571607.
509, 1123
List the prime factors of 19311465.
3, 5, 1287431
What are the prime factors of 165101?
107, 1543
What are the prime factors of 56056?
2, 7, 11, 13
What are the prime factors of 640581?
3, 29, 37, 199
List the p